{"id":1301,"date":"2025-06-26T20:05:23","date_gmt":"2025-06-26T18:05:23","guid":{"rendered":"https:\/\/happypartyblanes.es\/?page_id=1301"},"modified":"2025-07-24T23:36:51","modified_gmt":"2025-07-24T21:36:51","slug":"declaracion-de-accesibilidad","status":"publish","type":"page","link":"https:\/\/happypartyblanes.es\/?page_id=1301","title":{"rendered":"Declaraci\u00f3n de Accesibilidad"},"content":{"rendered":"\t\t<div data-elementor-type=\"wp-page\" data-elementor-id=\"1301\" class=\"elementor elementor-1301\" data-elementor-post-type=\"page\">\n\t\t\t\t<div class=\"elementor-element elementor-element-4c910ef e-flex e-con-boxed wpr-particle-no wpr-jarallax-no wpr-parallax-no wpr-sticky-section-no e-con e-parent\" data-id=\"4c910ef\" data-element_type=\"container\" data-e-type=\"container\">\n\t\t\t\t\t<div class=\"e-con-inner\">\n\t\t\t\t<div class=\"elementor-element elementor-element-55f7a9c elementor-widget elementor-widget-heading\" data-id=\"55f7a9c\" data-element_type=\"widget\" data-e-type=\"widget\" data-widget_type=\"heading.default\">\n\t\t\t\t<div class=\"elementor-widget-container\">\n\t\t\t\t\t<h2 class=\"elementor-heading-title elementor-size-default\">Declaraci\u00f3n de Accesibilidad<\/h2>\t\t\t\t<\/div>\n\t\t\t\t<\/div>\n\t\t\t\t\t<\/div>\n\t\t\t\t<\/div>\n\t\t<div class=\"elementor-element elementor-element-4119f8b e-flex e-con-boxed wpr-particle-no wpr-jarallax-no wpr-parallax-no wpr-sticky-section-no e-con e-parent\" data-id=\"4119f8b\" data-element_type=\"container\" data-e-type=\"container\">\n\t\t\t\t\t<div class=\"e-con-inner\">\n\t\t\t\t<div class=\"elementor-element elementor-element-1bedee6 elementor-widget elementor-widget-text-editor\" data-id=\"1bedee6\" data-element_type=\"widget\" data-e-type=\"widget\" data-widget_type=\"text-editor.default\">\n\t\t\t\t<div class=\"elementor-widget-container\">\n\t\t\t\t\t\t\t\t\t<div id=\"declaracion-de-accesibilidad\" class=\"textos activo\"><div class=\"elementor-widget-container\"><p>En la construcci\u00f3n de la p\u00e1gina web de <b><a href=\"https:\/\/happypartyblanes.es\" target=\"_blank\" rel=\"noopener\">happypartyblanes.es<\/a><\/b> se han adoptado medidas con el objetivo de que el mayor n\u00famero posible de personas puedan llegar a la informaci\u00f3n que se transmite en ella, independientemente de las limitaciones de la persona o de las que se deriven del contexto de uso.<\/p><p>As\u00ed, en la confecci\u00f3n del portal se han tenido en cuenta los siguientes aspectos:<\/p><ul><li aria-level=\"1\">Uso de CSS para la presentaci\u00f3n de la informaci\u00f3n.<\/li><li aria-level=\"1\">Etiquetas de marcaje.<\/li><li aria-level=\"1\">Sistemas de navegaci\u00f3n usables, intuitivos y alternativos.<\/li><li aria-level=\"1\">Descripciones alternativas en las im\u00e1genes.<\/li><li aria-level=\"1\">Verificaciones en la visualizaci\u00f3n con diferentes navegadores y dispositivos.<\/li><li aria-level=\"1\">Utilizaci\u00f3n de formatos universales y alternativos.<\/li><li aria-level=\"1\">Los enlaces ofrecen detalles de la funci\u00f3n o destino del hiperv\u00ednculo.<\/li><li aria-level=\"1\">Uso de los est\u00e1ndares del W3C.<\/li><li aria-level=\"1\">Acceso mediante atajos teclado a las principales opciones.<\/li><\/ul><h2><b>Cumplimiento de los est\u00e1ndares<\/b><\/h2><p>Las p\u00e1ginas de este sitio Web cumplen la marca AA seg\u00fan la Norma UNE 139803:2004 y las Directrices de Accesibilidad para el Contenido Web 1.0 del W3C. Todos los requisitos de Prioridad 1 y Prioridad 2 y un subconjunto de los requisitos de Prioridad 3 han sido comprobados con un an\u00e1lisis manual de la accesibilidad a trav\u00e9s de diferentes herramientas semi-autom\u00e1ticas y agentes de usuario.<\/p><h2><b>Atajos de teclado<\/b><\/h2><p>En esta Web puede hacer saltos ordenados en el contenido con la tecla Tab.<\/p><h2><b>Tama\u00f1o del texto<\/b><\/h2><p>El dise\u00f1o accesible permite que el usuario pueda ajustar las fuentes al tama\u00f1o que le convenga. Esta acci\u00f3n puede llevarse a cabo de diferentes maneras seg\u00fan el navegador web que se utilice. A continuaci\u00f3n se indica la acci\u00f3n de men\u00fa donde se encuentra esta funcionalidad en los navegadores m\u00e1s frecuentes:<\/p><ul><li aria-level=\"1\">Mozilla Firefox: Ver &gt; Tama\u00f1o de texto &gt; Incrementar Internet<\/li><li aria-level=\"1\">Internet Explorer: Ver &gt; Tama\u00f1o de texto &gt; M\u00e1s grande<\/li><li aria-level=\"1\">Opera: View &gt; Zoom &gt; %<\/li><li aria-level=\"1\">Safari: View &gt; Make text bigger<\/li><li aria-level=\"1\">Google Chrome: Herramientas &gt; Zoom<\/li><\/ul><h2><b>Configuraci\u00f3n t\u00e9cnica<\/b><\/h2><p>Las p\u00e1ginas web est\u00e1n creadas con el CMS WordPress 6.1.1.<\/p><h2><b>Informaci\u00f3n \u00fatil sobre la accesibilidad<\/b><\/h2><p>Seguidamente se exponen una serie de enlaces organizados en diferentes categor\u00edas \u00fatiles para obtener m\u00e1s informaci\u00f3n sobre la accesibilidad.<\/p><h2><b>Accesibilidad normas y documentos t\u00e9cnicos:<\/b><\/h2><p><a href=\"http:\/\/www.w3c.org\/\">http:\/\/www.w3c.org\/<br \/><\/a>Consorcio World Wide Web, grupo de trabajo de \u00e1mbito internacional que dicta l\u00edneas generales relacionadas con la web.<\/p><p><a href=\"http:\/\/www.w3c.org\/wai\/\">http:\/\/www.w3c.org\/wai\/<br \/><\/a>Iniciativa de Accesibilidad Web del W3C.<\/p><\/div><\/div><p><!-- POLITICA DE COOKIES --><\/p><div id=\"politicas-de-cookies\" class=\"textos\"><div class=\"elementor-widget-container\"><h2>\u00a0<\/h2><\/div><\/div>\t\t\t\t\t\t\t\t<\/div>\n\t\t\t\t<\/div>\n\t\t\t\t\t<\/div>\n\t\t\t\t<\/div>\n\t\t\t\t<\/div>\n\t\t","protected":false},"excerpt":{"rendered":"<p>Declaraci\u00f3n de Accesibilidad En la construcci\u00f3n de la p\u00e1gina web de happypartyblanes.es se han adoptado medidas con el objetivo de que el mayor n\u00famero posible de personas puedan llegar a la informaci\u00f3n que se transmite en ella, independientemente de las limitaciones de la persona o de las que se deriven del contexto de uso. As\u00ed, en la confecci\u00f3n del portal se han tenido en cuenta los siguientes aspectos: Uso de CSS para la presentaci\u00f3n de la informaci\u00f3n. Etiquetas de marcaje. Sistemas de navegaci\u00f3n usables, intuitivos y alternativos. Descripciones alternativas en las im\u00e1genes. Verificaciones en la visualizaci\u00f3n con diferentes navegadores y dispositivos. Utilizaci\u00f3n de formatos universales y alternativos. Los enlaces ofrecen detalles de la funci\u00f3n o destino del hiperv\u00ednculo. Uso de los est\u00e1ndares del W3C. Acceso mediante atajos teclado a las principales opciones. Cumplimiento de los est\u00e1ndares Las p\u00e1ginas de este sitio Web cumplen la marca AA seg\u00fan la Norma UNE 139803:2004 y las Directrices de Accesibilidad para el Contenido Web 1.0 del W3C. Todos los requisitos de Prioridad 1 y Prioridad 2 y un subconjunto de los requisitos de Prioridad 3 han sido comprobados con un an\u00e1lisis manual de la accesibilidad a trav\u00e9s de diferentes herramientas semi-autom\u00e1ticas y agentes de usuario. Atajos de teclado En esta Web puede hacer saltos ordenados en el contenido con la tecla Tab. Tama\u00f1o del texto El dise\u00f1o accesible permite que el usuario pueda ajustar las fuentes al tama\u00f1o que le convenga. Esta acci\u00f3n puede llevarse a cabo de diferentes maneras seg\u00fan el navegador web que se utilice. A continuaci\u00f3n se indica la acci\u00f3n de men\u00fa donde se encuentra esta funcionalidad en los navegadores m\u00e1s frecuentes: Mozilla Firefox: Ver &gt; Tama\u00f1o de texto &gt; Incrementar Internet Internet Explorer: Ver &gt; Tama\u00f1o de texto &gt; M\u00e1s grande Opera: View &gt; Zoom &gt; % Safari: View &gt; Make text bigger Google Chrome: Herramientas &gt; Zoom Configuraci\u00f3n t\u00e9cnica Las p\u00e1ginas web est\u00e1n creadas con el CMS WordPress 6.1.1. Informaci\u00f3n \u00fatil sobre la accesibilidad Seguidamente se exponen una serie de enlaces organizados en diferentes categor\u00edas \u00fatiles para obtener m\u00e1s informaci\u00f3n sobre la accesibilidad. Accesibilidad normas y documentos t\u00e9cnicos: http:\/\/www.w3c.org\/Consorcio World Wide Web, grupo de trabajo de \u00e1mbito internacional que dicta l\u00edneas generales relacionadas con la web. http:\/\/www.w3c.org\/wai\/Iniciativa de Accesibilidad Web del W3C. \u00a0<\/p>\n","protected":false},"author":1,"featured_media":0,"parent":0,"menu_order":0,"comment_status":"closed","ping_status":"closed","template":"","meta":{"site-sidebar-layout":"no-sidebar","site-content-layout":"","ast-site-content-layout":"full-width-container","site-content-style":"default","site-sidebar-style":"default","ast-global-header-display":"","ast-banner-title-visibility":"","ast-main-header-display":"","ast-hfb-above-header-display":"","ast-hfb-below-header-display":"","ast-hfb-mobile-header-display":"","site-post-title":"disabled","ast-breadcrumbs-content":"","ast-featured-img":"disabled","footer-sml-layout":"","ast-disable-related-posts":"","theme-transparent-header-meta":"","adv-header-id-meta":"","stick-header-meta":"","header-above-stick-meta":"","header-main-stick-meta":"","header-below-stick-meta":"","astra-migrate-meta-layouts":"default","ast-page-background-enabled":"default","ast-page-background-meta":{"desktop":{"background-color":"var(--ast-global-color-4)","background-image":"","background-repeat":"repeat","background-position":"center center","background-size":"auto","background-attachment":"scroll","background-type":"","background-media":"","overlay-type":"","overlay-color":"","overlay-opacity":"","overlay-gradient":""},"tablet":{"background-color":"","background-image":"","background-repeat":"repeat","background-position":"center center","background-size":"auto","background-attachment":"scroll","background-type":"","background-media":"","overlay-type":"","overlay-color":"","overlay-opacity":"","overlay-gradient":""},"mobile":{"background-color":"","background-image":"","background-repeat":"repeat","background-position":"center center","background-size":"auto","background-attachment":"scroll","background-type":"","background-media":"","overlay-type":"","overlay-color":"","overlay-opacity":"","overlay-gradient":""}},"ast-content-background-meta":{"desktop":{"background-color":"var(--ast-global-color-5)","background-image":"","background-repeat":"repeat","background-position":"center center","background-size":"auto","background-attachment":"scroll","background-type":"","background-media":"","overlay-type":"","overlay-color":"","overlay-opacity":"","overlay-gradient":""},"tablet":{"background-color":"var(--ast-global-color-5)","background-image":"","background-repeat":"repeat","background-position":"center center","background-size":"auto","background-attachment":"scroll","background-type":"","background-media":"","overlay-type":"","overlay-color":"","overlay-opacity":"","overlay-gradient":""},"mobile":{"background-color":"var(--ast-global-color-5)","background-image":"","background-repeat":"repeat","background-position":"center center","background-size":"auto","background-attachment":"scroll","background-type":"","background-media":"","overlay-type":"","overlay-color":"","overlay-opacity":"","overlay-gradient":""}},"footnotes":""},"class_list":["post-1301","page","type-page","status-publish","hentry"],"yoast_head":"<!-- This site is optimized with the Yoast SEO plugin v27.1.1 - https:\/\/yoast.com\/product\/yoast-seo-wordpress\/ -->\n<title>Declaraci\u00f3n de Accesibilidad - Happy Party Blanes<\/title>\n<meta name=\"robots\" content=\"noindex, follow\" \/>\n<meta property=\"og:locale\" content=\"es_ES\" \/>\n<meta property=\"og:type\" content=\"article\" \/>\n<meta property=\"og:title\" content=\"Declaraci\u00f3n de Accesibilidad - Happy Party Blanes\" \/>\n<meta property=\"og:description\" content=\"Declaraci\u00f3n de Accesibilidad En la construcci\u00f3n de la p\u00e1gina web de happypartyblanes.es se han adoptado medidas con el objetivo de que el mayor n\u00famero posible de personas puedan llegar a la informaci\u00f3n que se transmite en ella, independientemente de las limitaciones de la persona o de las que se deriven del contexto de uso. As\u00ed, en la confecci\u00f3n del portal se han tenido en cuenta los siguientes aspectos: Uso de CSS para la presentaci\u00f3n de la informaci\u00f3n. Etiquetas de marcaje. Sistemas de navegaci\u00f3n usables, intuitivos y alternativos. Descripciones alternativas en las im\u00e1genes. Verificaciones en la visualizaci\u00f3n con diferentes navegadores y dispositivos. Utilizaci\u00f3n de formatos universales y alternativos. Los enlaces ofrecen detalles de la funci\u00f3n o destino del hiperv\u00ednculo. Uso de los est\u00e1ndares del W3C. Acceso mediante atajos teclado a las principales opciones. Cumplimiento de los est\u00e1ndares Las p\u00e1ginas de este sitio Web cumplen la marca AA seg\u00fan la Norma UNE 139803:2004 y las Directrices de Accesibilidad para el Contenido Web 1.0 del W3C. Todos los requisitos de Prioridad 1 y Prioridad 2 y un subconjunto de los requisitos de Prioridad 3 han sido comprobados con un an\u00e1lisis manual de la accesibilidad a trav\u00e9s de diferentes herramientas semi-autom\u00e1ticas y agentes de usuario. Atajos de teclado En esta Web puede hacer saltos ordenados en el contenido con la tecla Tab. Tama\u00f1o del texto El dise\u00f1o accesible permite que el usuario pueda ajustar las fuentes al tama\u00f1o que le convenga. Esta acci\u00f3n puede llevarse a cabo de diferentes maneras seg\u00fan el navegador web que se utilice. A continuaci\u00f3n se indica la acci\u00f3n de men\u00fa donde se encuentra esta funcionalidad en los navegadores m\u00e1s frecuentes: Mozilla Firefox: Ver &gt; Tama\u00f1o de texto &gt; Incrementar Internet Internet Explorer: Ver &gt; Tama\u00f1o de texto &gt; M\u00e1s grande Opera: View &gt; Zoom &gt; % Safari: View &gt; Make text bigger Google Chrome: Herramientas &gt; Zoom Configuraci\u00f3n t\u00e9cnica Las p\u00e1ginas web est\u00e1n creadas con el CMS WordPress 6.1.1. Informaci\u00f3n \u00fatil sobre la accesibilidad Seguidamente se exponen una serie de enlaces organizados en diferentes categor\u00edas \u00fatiles para obtener m\u00e1s informaci\u00f3n sobre la accesibilidad. Accesibilidad normas y documentos t\u00e9cnicos: http:\/\/www.w3c.org\/Consorcio World Wide Web, grupo de trabajo de \u00e1mbito internacional que dicta l\u00edneas generales relacionadas con la web. http:\/\/www.w3c.org\/wai\/Iniciativa de Accesibilidad Web del W3C. \u00a0\" \/>\n<meta property=\"og:url\" content=\"https:\/\/happypartyblanes.es\/?page_id=1301\" \/>\n<meta property=\"og:site_name\" content=\"Happy Party Blanes\" \/>\n<meta property=\"article:modified_time\" content=\"2025-07-24T21:36:51+00:00\" \/>\n<meta name=\"twitter:card\" content=\"summary_large_image\" \/>\n<meta name=\"twitter:label1\" content=\"Tiempo de lectura\" \/>\n\t<meta name=\"twitter:data1\" content=\"4 minutos\" \/>\n<script type=\"application\/ld+json\" class=\"yoast-schema-graph\">{\"@context\":\"https:\/\/schema.org\",\"@graph\":[{\"@type\":\"WebPage\",\"@id\":\"https:\/\/happypartyblanes.es\/?page_id=1301\",\"url\":\"https:\/\/happypartyblanes.es\/?page_id=1301\",\"name\":\"Declaraci\u00f3n de Accesibilidad - Happy Party Blanes\",\"isPartOf\":{\"@id\":\"https:\/\/happypartyblanes.es\/#website\"},\"datePublished\":\"2025-06-26T18:05:23+00:00\",\"dateModified\":\"2025-07-24T21:36:51+00:00\",\"breadcrumb\":{\"@id\":\"https:\/\/happypartyblanes.es\/?page_id=1301#breadcrumb\"},\"inLanguage\":\"es\",\"potentialAction\":[{\"@type\":\"ReadAction\",\"target\":[\"https:\/\/happypartyblanes.es\/?page_id=1301\"]}]},{\"@type\":\"BreadcrumbList\",\"@id\":\"https:\/\/happypartyblanes.es\/?page_id=1301#breadcrumb\",\"itemListElement\":[{\"@type\":\"ListItem\",\"position\":1,\"name\":\"Portada\",\"item\":\"https:\/\/happypartyblanes.es\/\"},{\"@type\":\"ListItem\",\"position\":2,\"name\":\"Declaraci\u00f3n de Accesibilidad\"}]},{\"@type\":\"WebSite\",\"@id\":\"https:\/\/happypartyblanes.es\/#website\",\"url\":\"https:\/\/happypartyblanes.es\/\",\"name\":\"Happy Party Blanes\",\"description\":\"\",\"publisher\":{\"@id\":\"https:\/\/happypartyblanes.es\/#organization\"},\"potentialAction\":[{\"@type\":\"SearchAction\",\"target\":{\"@type\":\"EntryPoint\",\"urlTemplate\":\"https:\/\/happypartyblanes.es\/?s={search_term_string}\"},\"query-input\":{\"@type\":\"PropertyValueSpecification\",\"valueRequired\":true,\"valueName\":\"search_term_string\"}}],\"inLanguage\":\"es\"},{\"@type\":\"Organization\",\"@id\":\"https:\/\/happypartyblanes.es\/#organization\",\"name\":\"Happy Party Blanes\",\"url\":\"https:\/\/happypartyblanes.es\/\",\"logo\":{\"@type\":\"ImageObject\",\"inLanguage\":\"es\",\"@id\":\"https:\/\/happypartyblanes.es\/#\/schema\/logo\/image\/\",\"url\":\"https:\/\/happypartyblanes.es\/wp-content\/uploads\/2025\/10\/cropped-Logo-removebg-preview.png\",\"contentUrl\":\"https:\/\/happypartyblanes.es\/wp-content\/uploads\/2025\/10\/cropped-Logo-removebg-preview.png\",\"width\":445,\"height\":440,\"caption\":\"Happy Party Blanes\"},\"image\":{\"@id\":\"https:\/\/happypartyblanes.es\/#\/schema\/logo\/image\/\"}}]}<\/script>\n<!-- \/ Yoast SEO plugin. -->","yoast_head_json":{"title":"Declaraci\u00f3n de Accesibilidad - Happy Party Blanes","robots":{"index":"noindex","follow":"follow"},"og_locale":"es_ES","og_type":"article","og_title":"Declaraci\u00f3n de Accesibilidad - Happy Party Blanes","og_description":"Declaraci\u00f3n de Accesibilidad En la construcci\u00f3n de la p\u00e1gina web de happypartyblanes.es se han adoptado medidas con el objetivo de que el mayor n\u00famero posible de personas puedan llegar a la informaci\u00f3n que se transmite en ella, independientemente de las limitaciones de la persona o de las que se deriven del contexto de uso. As\u00ed, en la confecci\u00f3n del portal se han tenido en cuenta los siguientes aspectos: Uso de CSS para la presentaci\u00f3n de la informaci\u00f3n. Etiquetas de marcaje. Sistemas de navegaci\u00f3n usables, intuitivos y alternativos. Descripciones alternativas en las im\u00e1genes. Verificaciones en la visualizaci\u00f3n con diferentes navegadores y dispositivos. Utilizaci\u00f3n de formatos universales y alternativos. Los enlaces ofrecen detalles de la funci\u00f3n o destino del hiperv\u00ednculo. Uso de los est\u00e1ndares del W3C. Acceso mediante atajos teclado a las principales opciones. Cumplimiento de los est\u00e1ndares Las p\u00e1ginas de este sitio Web cumplen la marca AA seg\u00fan la Norma UNE 139803:2004 y las Directrices de Accesibilidad para el Contenido Web 1.0 del W3C. Todos los requisitos de Prioridad 1 y Prioridad 2 y un subconjunto de los requisitos de Prioridad 3 han sido comprobados con un an\u00e1lisis manual de la accesibilidad a trav\u00e9s de diferentes herramientas semi-autom\u00e1ticas y agentes de usuario. Atajos de teclado En esta Web puede hacer saltos ordenados en el contenido con la tecla Tab. Tama\u00f1o del texto El dise\u00f1o accesible permite que el usuario pueda ajustar las fuentes al tama\u00f1o que le convenga. Esta acci\u00f3n puede llevarse a cabo de diferentes maneras seg\u00fan el navegador web que se utilice. A continuaci\u00f3n se indica la acci\u00f3n de men\u00fa donde se encuentra esta funcionalidad en los navegadores m\u00e1s frecuentes: Mozilla Firefox: Ver &gt; Tama\u00f1o de texto &gt; Incrementar Internet Internet Explorer: Ver &gt; Tama\u00f1o de texto &gt; M\u00e1s grande Opera: View &gt; Zoom &gt; % Safari: View &gt; Make text bigger Google Chrome: Herramientas &gt; Zoom Configuraci\u00f3n t\u00e9cnica Las p\u00e1ginas web est\u00e1n creadas con el CMS WordPress 6.1.1. Informaci\u00f3n \u00fatil sobre la accesibilidad Seguidamente se exponen una serie de enlaces organizados en diferentes categor\u00edas \u00fatiles para obtener m\u00e1s informaci\u00f3n sobre la accesibilidad. Accesibilidad normas y documentos t\u00e9cnicos: http:\/\/www.w3c.org\/Consorcio World Wide Web, grupo de trabajo de \u00e1mbito internacional que dicta l\u00edneas generales relacionadas con la web. http:\/\/www.w3c.org\/wai\/Iniciativa de Accesibilidad Web del W3C. \u00a0","og_url":"https:\/\/happypartyblanes.es\/?page_id=1301","og_site_name":"Happy Party Blanes","article_modified_time":"2025-07-24T21:36:51+00:00","twitter_card":"summary_large_image","twitter_misc":{"Tiempo de lectura":"4 minutos"},"schema":{"@context":"https:\/\/schema.org","@graph":[{"@type":"WebPage","@id":"https:\/\/happypartyblanes.es\/?page_id=1301","url":"https:\/\/happypartyblanes.es\/?page_id=1301","name":"Declaraci\u00f3n de Accesibilidad - Happy Party Blanes","isPartOf":{"@id":"https:\/\/happypartyblanes.es\/#website"},"datePublished":"2025-06-26T18:05:23+00:00","dateModified":"2025-07-24T21:36:51+00:00","breadcrumb":{"@id":"https:\/\/happypartyblanes.es\/?page_id=1301#breadcrumb"},"inLanguage":"es","potentialAction":[{"@type":"ReadAction","target":["https:\/\/happypartyblanes.es\/?page_id=1301"]}]},{"@type":"BreadcrumbList","@id":"https:\/\/happypartyblanes.es\/?page_id=1301#breadcrumb","itemListElement":[{"@type":"ListItem","position":1,"name":"Portada","item":"https:\/\/happypartyblanes.es\/"},{"@type":"ListItem","position":2,"name":"Declaraci\u00f3n de Accesibilidad"}]},{"@type":"WebSite","@id":"https:\/\/happypartyblanes.es\/#website","url":"https:\/\/happypartyblanes.es\/","name":"Happy Party Blanes","description":"","publisher":{"@id":"https:\/\/happypartyblanes.es\/#organization"},"potentialAction":[{"@type":"SearchAction","target":{"@type":"EntryPoint","urlTemplate":"https:\/\/happypartyblanes.es\/?s={search_term_string}"},"query-input":{"@type":"PropertyValueSpecification","valueRequired":true,"valueName":"search_term_string"}}],"inLanguage":"es"},{"@type":"Organization","@id":"https:\/\/happypartyblanes.es\/#organization","name":"Happy Party Blanes","url":"https:\/\/happypartyblanes.es\/","logo":{"@type":"ImageObject","inLanguage":"es","@id":"https:\/\/happypartyblanes.es\/#\/schema\/logo\/image\/","url":"https:\/\/happypartyblanes.es\/wp-content\/uploads\/2025\/10\/cropped-Logo-removebg-preview.png","contentUrl":"https:\/\/happypartyblanes.es\/wp-content\/uploads\/2025\/10\/cropped-Logo-removebg-preview.png","width":445,"height":440,"caption":"Happy Party Blanes"},"image":{"@id":"https:\/\/happypartyblanes.es\/#\/schema\/logo\/image\/"}}]}},"_links":{"self":[{"href":"https:\/\/happypartyblanes.es\/index.php?rest_route=\/wp\/v2\/pages\/1301","targetHints":{"allow":["GET"]}}],"collection":[{"href":"https:\/\/happypartyblanes.es\/index.php?rest_route=\/wp\/v2\/pages"}],"about":[{"href":"https:\/\/happypartyblanes.es\/index.php?rest_route=\/wp\/v2\/types\/page"}],"author":[{"embeddable":true,"href":"https:\/\/happypartyblanes.es\/index.php?rest_route=\/wp\/v2\/users\/1"}],"replies":[{"embeddable":true,"href":"https:\/\/happypartyblanes.es\/index.php?rest_route=%2Fwp%2Fv2%2Fcomments&post=1301"}],"version-history":[{"count":7,"href":"https:\/\/happypartyblanes.es\/index.php?rest_route=\/wp\/v2\/pages\/1301\/revisions"}],"predecessor-version":[{"id":1380,"href":"https:\/\/happypartyblanes.es\/index.php?rest_route=\/wp\/v2\/pages\/1301\/revisions\/1380"}],"wp:attachment":[{"href":"https:\/\/happypartyblanes.es\/index.php?rest_route=%2Fwp%2Fv2%2Fmedia&parent=1301"}],"curies":[{"name":"wp","href":"https:\/\/api.w.org\/{rel}","templated":true}]}}